s 7 a factor of 870?
False
Is 19 a factor of 5624?
True
Does 76 divide 7068?
True
Does 22 divide 7643?
False
Does 18 divide 24818?
False
Is 5317 a multiple of 9?
False
Is 289 a multiple of 2?
False
Is 6045 a multiple of 155?
True
Is 18 a factor of 4171?
False
Is 14 a factor of 47432?
True
Does 154 divide 13398?
True
Is 466 a multiple of 9?
False
Is 3106 even?
True
Does 21 divide 23856?
True
Is 637 a multiple of 49?
True
Is 4147 a multiple of 129?
False
Does 12 divide 186?
False
Does 32 divide 1576?
False
Is 455 a multiple of 35?
True
Is 25 a factor of 202?
False
Is 3430 a multiple of 20?
False
Does 75 divide 1200?
True
Is 63360 a multiple of 128?
True
Does 6 divide 46?
False
Is 29 a factor of 841?
True
Does 11 divide 519?
False
Is 183 a multiple of 14?
False
Is 7486 a multiple of 114?
False
Is 3 a factor of 906?
True
Is 3874 a multiple of 24?
False
Is 1562 a multiple of 11?
True
Is 6 a factor of 222?
True
Is 5778 a multiple of 63?
False
Does 3 divide 37506?
True
Is 259 a factor of 9103?
False
Is 103 a factor of 4175?
False
Is 1458 a multiple of 2?
True
Is 10660 a multiple of 5?
True
Is 28946 a multiple of 82?
True
Does 236 divide 61894?
False
Is 44 a factor of 15018?
False
Does 98 divide 23915?
False
Is 13433 a multiple of 133?
True
Is 169 a factor of 35997?
True
Is 56 a factor of 4072?
False
Does 66 divide 1056?
True
Does 66 divide 19140?
True
Is 161 a factor of 21145?
False
Does 3 divide 309?
True
Does 26 divide 4732?
True
Is 5880 a multiple of 42?
True
Is 12 a factor of 475?
False
Is 426 a multiple of 6?
True
Does 12 divide 343?
False
Does 34 divide 20481?
False
Does 179 divide 17444?
False
Is 2042 a multiple of 18?
False
Does 12 divide 636?
True
Is 51 a factor of 14431?
False
Is 3382 a multiple of 89?
True
Is 14000 a multiple of 16?
True
Is 1566 a multiple of 29?
True
Does 42 divide 4872?
True
Is 459 a multiple of 9?
True
Does 49 divide 820?
False
Is 16 a factor of 24936?
False
Is 1216 a multiple of 32?
True
Is 369 a factor of 81180?
True
Does 11 divide 165?
True
Does 127 divide 1906?
False
Is 18 a factor of 873?
False
Is 7 a factor of 154?
True
Is 2772 a multiple of 21?
True
Is 6 a factor of 5832?
True
Is 311 a factor of 37753?
False
Is 17 a factor of 4904?
False
Is 17 a factor of 471?
False
Does 14 divide 54763?
False
Does 17 divide 2465?
True
Does 59 divide 24072?
True
Does 32 divide 4256?
True
Is 7481 a multiple of 13?
False
Does 27 divide 5238?
True
Does 53 divide 5406?
True
Does 88 divide 52096?
True
Does 33 divide 5379?
True
Is 351 a multiple of 27?
True
Is 26160 a multiple of 48?
True
Does 203 divide 13804?
True
Does 60 divide 1080?
True
Does 200 divide 36800?
True
Is 185 a factor of 72150?
True
Does 35 divide 2835?
True
Is 30 a factor of 870?
True
Is 3 a factor of 7707?
True
Is 25 a factor of 5575?
True
Is 834 a multiple of 31?
False
Is 1617 a multiple of 21?
True
Is 1275 a multiple of 25?
True
Is 1236 a multiple of 4?
True
Does 4 divide 480?
True
Does 21 divide 19940?
False
Does 87 divide 10701?
True
Is 28 a factor of 372?
False
Does 10 divide 13994?
False
Is 23926 a multiple of 38?
False
Is 15 a factor of 38607?
False
Does 10 divide 60140?
True
Is 115343 a multiple of 21?
False
Is 93 a factor of 699?
False
Is 1033 a multiple of 23?
False
Is 16 a factor of 128?
True
Is 26091 a multiple of 8?
False
Does 96 divide 2304?
True
Is 5430 a multiple of 25?
False
Is 130 a factor of 650?
True
Is 174 a factor of 18444?
True
Is 81 a factor of 22458?
False
Does 107 divide 7651?
False
Does 24 divide 288?
True
Does 57 divide 47197?
False
Does 16 divide 8192?
True
Is 16 a factor of 102333?
False
Does 104 divide 79976?
True
Does 48 divide 4205?
False
Is 831 a multiple of 26?
False
Is 72 a factor of 504?
True
Is 13 a factor of 117?
True
Does 3 divide 29?
False
Is 22 a factor of 2750?
True
Does 164 divide 140152?
False
Is 22 a factor of 264?
True
Is 26 a factor of 1008?
False
Is 44 a factor of 2622?
False
Is 89 a factor of 32485?
True
Is 3706 a multiple of 34?
True
Is 118 even?
True
Is 9 a factor of 21749?
False
Is 14 a factor of 60160?
False
Is 18 a factor of 2526?
False
Does 102 divide 118?
False
Is 2 a factor of 8217?
False
Is 9242 a multiple of 14?
False
Is 33120 a multiple of 18?
True
Does 52 divide 520?
True
Is 4 a factor of 2269?
False
Is 91 a factor of 4907?
False
Is 171 a factor of 16195?
False
Does 28 divide 8344?
True
Is 35 a factor of 175?
True
Is 15 a factor of 780?
True
Does 28 divide 5005?
False
Does 69 divide 2139?
True
Is 3 a factor of 22194?
True
Does 6 divide 312?
True
Is 46 a factor of 5658?
True
Does 15 divide 1043?
False
Is 14991 a multiple of 57?
True
Does 5 divide 208?
False
Is 728 a multiple of 16?
False
Is 1520 a multiple of 40?
True
Is 388 a multiple of 19?
False
Does 40 divide 65730?
False
Does 20 divide 2520?
True
Does 23 divide 27541?
False
Is 32422 a multiple of 58?
True
Is 38 a multiple of 14?
False
Is 58 a factor of 84622?
True
Is 13420 a multiple of 11?
True
Is 760 a multiple of 190?
True
Does 55 divide 935?
True
Is 33 a factor of 1320?
True
Is 13 a factor of 91?
True
Does 24 divide 7488?
True
Is 25 a factor of 11875?
True
Does 112 divide 64736?
True
Is 15158 a multiple of 430?
False
Does 2 divide 1963?
False
Is 38 a factor of 15492?
False
Does 22 divide 3806?
True
Is 80198 a multiple of 176?
False
Does 50 divide 1200?
True
Is 5517 a multiple of 24?
False
Is 2 a factor of 85?
False
Is 11 a factor of 7414?
True
Is 43 a factor of 1000?
False
Does 9 divide 40?
False
Is 9 a factor of 108?
True
Is 327 a multiple of 18?
False
Is 2720 a multiple of 40?
True
Is 259 a factor of 27070?
False
Does 21 divide 861?
True
Does 13 divide 2662?
False
Does 18 divide 2984?
False
Is 4576 a multiple of 31?
False
Is 10 a factor of 293?
False
Is 6300 a multiple of 28?
True
Is 143 a multiple of 2?
False
Is 15922 a multiple of 291?
False
Does 11 divide 2792?
False
Is 25 a factor of 300?
True
Does 38 divide 2470?
True
Does 6 divide 1602?
True
Is 12955 a multiple of 24?
False
Does 33 divide 8184?
True
Does 75 divide 17325?
True
Does 98 divide 30478?
True
Does 51 divide 14841?
True
Does 18 divide 2268?
True
Does 5 divide 8960?
True
Does 40 divide 1634?
False
Is 5 a factor of 63?
False
Is 1164 a multiple of 5?
False
Is 6 a factor of 3028?
False
Is 103 a factor of 6892?
False
Does 11 divide 582?
False
Does 12 divide 564?
True
Is 3 a factor of 67?
False
Is 1035 a multiple of 9?
True
Is 43 a factor of 433?
False
Is 43456 a multiple of 224?
True
Is 29726 a multiple of 89?
True
Is 1071 a multiple of 17?
True
Does 181 divide 13139?
False
Is 20 a factor of 4010?
False
Does 10 divide 3510?
True
Is 24 a factor of 1800?
True
Does 207 divide 3105?
True
Does 59 divide 649?
True
Does 12 divide 8760?
True
Is 70145 a multiple of 18?
False
Does 43 divide 246?
False
Does 16 divide 288?
True
Is 11 a factor of 44616?
True
Is 3276 a multiple of 6?
True
Is 11 a factor of 55792?
True
Is 88 a factor of 23747?
False
Does 5 divide 3325?
True
Is 1111 a multiple of 11?
True
Is 15 a factor of 4873?
False
Is 14 a factor of 32274?
False
Is 173 a multiple of 4?
False
Is 368 a multiple of 34?
False
Does 4 divide 4467?
False
Is 15 a factor of 474?
False
Is 308 a multiple of 7?
True
Does 5 divide 10530?
True
Is 130 a factor of 2257?
False
Is 1653 a multiple of 29?
True
Is 169 a multiple of 12?
False
Is 5544 a multiple of 6?
True
Does 14 divide 574?
True
Is 1829 a multiple of 71?
False
Is 14721 a multiple of 58?
False
Does 18 divide 576?
True
Is 3025 a multiple of 55?
True
Does 31 divide 9579?
True
Is 2246 a multiple of 24?
False
Is 27 a factor of 324?
True
Is 144 a multiple of 9?
True
Does 27 divide 729?
True
Is 15270 a multiple of 12?
False
Is 648 a multiple of 12?
True
Does 25 divide 316?
False
Does 12 divide 23943?
False
Does 8 divide 5400?
True
Is 930 a multiple of 13?
False
Is 15 a factor of 1140?
True
Does 3 divide 372?
True
Is 1815 a multiple of 55?
True
Is 17 a factor of 29155?
True
Does 55 divide 2031?
False
Does 57 divide 6042?
True
Does 39 divide 5733?
True
Is 56 a factor of 56?
True
Does 25 divide 298?
False
Is 16 a factor of 26276?
False
Is 75 a factor of 15750?
True
Is 2 a factor of 1055?
False
Is 17 a factor of 408?
True
Is 1936 a multiple of 4?
True
Is 20 a factor of 751?
False
Does 2 divide 44?
True
Does 158 divide 7165?
False
Does 82 divide 4592?
True
Is 